d 3?
1
What is the greatest common factor of 33 and 863038?
11
Calculate the highest common divisor of 7223215 and 85.
85
Calculate the greatest common divisor of 35 and 1827805.
35
Calculate the highest common divisor of 9796088 and 43.
43
What is the greatest common factor of 10 and 87790?
10
Calculate the greatest common divisor of 193697 and 12663.
469
Calculate the highest common divisor of 4669 and 115.
23
What is the highest common factor of 111239 and 11072?
173
What is the highest common divisor of 370 and 7326?
74
Calculate the highest common divisor of 48 and 202152.
24
Calculate the greatest common divisor of 75 and 4920725.
25
Calculate the greatest common divisor of 1424 and 1520.
16
What is the highest common divisor of 4383 and 6818?
487
What is the highest common factor of 127 and 60579?
127
Calculate the highest common divisor of 104 and 2098.
2
What is the greatest common factor of 1476 and 7188?
12
Calculate the greatest common factor of 25299 and 54.
27
What is the greatest common divisor of 14 and 3825829?
7
Calculate the greatest common factor of 236 and 8648102.
118
Calculate the greatest common factor of 399 and 251769.
399
What is the greatest common factor of 5316 and 2978732?
1772
Calculate the greatest common factor of 918 and 72711.
27
What is the greatest common divisor of 222050 and 50?
50
What is the greatest common divisor of 16384 and 32?
32
Calculate the greatest common factor of 29 and 2361499.
29
Calculate the highest common divisor of 3126618 and 264.
66
What is the greatest common divisor of 74064 and 36?
12
Calculate the highest common factor of 170640 and 13230.
270
Calculate the greatest common factor of 2379 and 224053.
61
Calculate the greatest common divisor of 26 and 3181438.
26
Calculate the highest common factor of 50 and 421875.
25
What is the greatest common divisor of 895 and 82877?
179
Calculate the greatest common factor of 11970 and 209.
19
Calculate the highest common divisor of 552 and 149109.
69
What is the greatest common divisor of 1408 and 288?
32
Calculate the greatest common factor of 15023 and 913.
83
What is the greatest common divisor of 5285 and 805?
35
What is the greatest common divisor of 780 and 53460?
60
What is the highest common factor of 10906 and 5320?
266
What is the greatest common factor of 13481 and 299?
13
What is the greatest common divisor of 41 and 402989?
41
What is the greatest common divisor of 4274621 and 403?
403
What is the greatest common divisor of 57680 and 3290?
70
Calculate the greatest common factor of 6552 and 79352.
728
What is the greatest common divisor of 42381 and 24099?
831
What is the highest common factor of 70 and 644?
14
What is the greatest common divisor of 8638 and 1679474?
1234
Calculate the highest common divisor of 2275 and 394975.
175
What is the greatest common divisor of 27050 and 66002?
1082
Calculate the greatest common factor of 104580 and 196.
28
What is the highest common factor of 3144 and 4008?
24
Calculate the greatest common divisor of 8 and 1348.
4
Calculate the greatest common factor of 242 and 22.
22
What is the greatest common divisor of 43659 and 105?
21
Calculate the greatest common factor of 72 and 5058.
18
What is the highest common factor of 26845 and 13216?
413
Calculate the highest common factor of 117915 and 1680.
105
What is the highest common divisor of 239 and 90581?
239
What is the greatest common factor of 137187 and 27?
27
Calculate the highest common divisor of 1930 and 141662.
386
What is the greatest common factor of 10 and 240230?
10
Calculate the highest common divisor of 24 and 802728.
24
Calculate the greatest common divisor of 32277 and 4872.
609
What is the greatest common divisor of 68079 and 11?
11
Calculate the highest common divisor of 115550 and 50.
50
Calculate the highest common factor of 664 and 84494.
166
What is the greatest common divisor of 1072 and 4368?
16
Calculate the greatest common factor of 2440 and 34465.
305
What is the highest common factor of 36672 and 240?
48
What is the greatest common divisor of 1166 and 44066?
22
What is the greatest common factor of 506 and 22862?
46
What is the greatest common divisor of 209 and 9031?
11
Calculate the greatest common divisor of 175 and 35.
35
What is the greatest common factor of 157 and 251671?
157
What is the highest common divisor of 324 and 8199468?
324
Calculate the greatest common factor of 1791 and 5156289.
1791
What is the highest common factor of 32076 and 810?
162
What is the greatest common divisor of 69635 and 1292?
19
Calculate the highest common factor of 810 and 17307.
27
Calculate the greatest common factor of 975 and 12975.
75
What is the highest common divisor of 76531 and 117?
13
Calculate the greatest common factor of 5475 and 1533.
219
Calculate the highest common factor of 51 and 1327309.
17
Calculate the highest common factor of 164538 and 6.
6
What is the highest common divisor of 4104 and 1426824?
1368
What is the greatest common divisor of 3501 and 126?
9
What is the highest common factor of 296381 and 1642?
821
What is the greatest common factor of 30 and 116940?
30
Calculate the highest common divisor of 45960 and 100.
20
Calculate the greatest common factor of 2805 and 221.
17
Calculate the greatest common factor of 2119 and 1053.
13
Calculate the highest common factor of 857729 and 2661.
887
Calculate the greatest common divisor of 350 and 10346.
14
Calculate the highest common divisor of 117 and 416598.
39
What is the highest common factor of 144 and 63120?
48
Calculate the greatest common divisor of 12 and 1097814.
6
Calculate the highest common factor of 2400 and 4812.
12
What is the greatest common factor of 4624 and 2048?
16
What is the highest common factor of 4284 and 540?
36
What is the greatest common divisor of 2147250 and 21?
21
What is the highest common factor of 96 and 158720?
32
Calculate the highest common divisor of 180 and 1460.
20
Calculate the highest common factor of 5796 and 23772.
84
What is the greatest common factor of 1035926 and 185?
37
What is the highest common divisor of 593901 and 2772?
693
Calculate the greatest common divisor of 529080 and 48.
24
What is the greatest common factor of 8887280 and 10?
10
Calculate the highest common divisor of 1030 and 40410.
10
Calculate the greatest common factor of 51795 and 120.
15
Calculate the highest common factor of 8 and 2377488.
8
What is the highest common divisor of 379 and 101?
1
What is the greatest common factor of 80569 and 1243?
113
What is the highest common factor of 60438 and 15078?
42
Calculate the greatest common divisor of 5069120 and 320.
320
Calculate the highest common factor of 259 and 147707.
7
Calculate the highest common factor of 322602 and 336.
42
What is the highest common factor of 8280 and 130?
10
Calculate the highest common divisor of 376 and 112.
8
Calculate the highest common factor of 172 and 4.
4
What is the highest common factor of 97725 and 200?
25
Calculate the highest common divisor of 3712650 and 600.
150
Calculate the highest common factor of 1581 and 7803.
51
Calculate the greatest common factor of 5130 and 49970.
190
Calculate the highest common factor of 88 and 48939.
11
What is the highest common factor of 15831 and 594542?
1759
What is the highest common factor of 181015 and 820?
205
Calculate the highest common factor of 22126 and 11174.
74
Calculate the greatest common divisor of 44 and 649.
11
What is the greatest common factor of 784 and 411894?
98
What is the highest common factor of 429 and 2613?
39
What is the greatest common factor of 2025 and 25?
25
Calculate the highest common factor of 125 and 34640.
5
Calculate the greatest common factor of 131 and 32.
1
What is the greatest common divisor of 2508 and 307164?
132
What is the greatest common divisor of 13805 and 15?
5
Calculate the greatest common divisor of 4199 and 1703.
13
What is the highest common divisor of 4820 and 20?
20
What is the highest common divisor of 230 and 6898965?
115
Calculate the highest common divisor of 2825 and 5975.
25
What is the highest common factor of 77 and 12848?
11
What is the greatest common factor of 341012 and 4256?
532
What is the highest common factor of 1970 and 250?
10
What is the hig